{"id":4354,"date":"2025-10-19T18:16:06","date_gmt":"2025-10-19T16:16:06","guid":{"rendered":"https:\/\/dalvest.pl\/?page_id=4354"},"modified":"2025-10-27T07:58:55","modified_gmt":"2025-10-27T06:58:55","slug":"domy-murowana","status":"publish","type":"page","link":"https:\/\/dalvest.pl\/?page_id=4354","title":{"rendered":"Domy na Wzg\u00f3rzu"},"content":{"rendered":"\t\t<div data-elementor-type=\"wp-page\" data-elementor-id=\"4354\" class=\"elementor elementor-4354\">\n\t\t\t\t<div class=\"elementor-element elementor-element-377159dd e-flex e-con-boxed e-con e-parent\" data-id=\"377159dd\" data-element_type=\"container\" data-e-type=\"container\" data-settings=\"{&quot;background_background&quot;:&quot;classic&quot;}\">\n\t\t\t\t\t<div class=\"e-con-inner\">\n\t\t<div class=\"elementor-element elementor-element-764ffc0c e-con-full animated-slow e-flex elementor-invisible e-con e-child\" data-id=\"764ffc0c\" data-element_type=\"container\" data-e-type=\"container\" data-settings=\"{&quot;animation&quot;:&quot;zoomIn&quot;}\">\n\t\t\t\t<div class=\"elementor-element elementor-element-86d2a24 elementor-widget__width-initial animated-slow elementor-widget elementor-widget-heading\" data-id=\"86d2a24\" data-element_type=\"widget\" data-e-type=\"widget\" data-settings=\"{&quot;_animation&quot;:&quot;none&quot;,&quot;_animation_delay&quot;:&quot;200&quot;}\" data-widget_type=\"heading.default\">\n\t\t\t\t<div class=\"elementor-widget-container\">\n\t\t\t\t\t<h1 class=\"elementor-heading-title elementor-size-default\">Dalvest -\nTwoje marzenie o idealnym domu<\/h1>\t\t\t\t<\/div>\n\t\t\t\t<\/div>\n\t\t\t\t<div class=\"elementor-element elementor-element-70b52a52 elementor-widget elementor-widget-button\" data-id=\"70b52a52\" data-element_type=\"widget\" data-e-type=\"widget\" data-widget_type=\"button.default\">\n\t\t\t\t<div class=\"elementor-widget-container\">\n\t\t\t\t\t\t\t\t\t<div class=\"elementor-button-wrapper\">\n\t\t\t\t\t<a class=\"elementor-button elementor-button-link elementor-size-sm\" href=\"#inwestycja\">\n\t\t\t\t\t\t<span class=\"elementor-button-content-wrapper\">\n\t\t\t\t\t\t<span class=\"elementor-button-icon\">\n\t\t\t\t<svg aria-hidden=\"true\" class=\"e-font-icon-svg e-fas-arrow-right\" viewBox=\"0 0 448 512\" xmlns=\"http:\/\/www.w3.org\/2000\/svg\"><path d=\"M190.5 66.9l22.2-22.2c9.4-9.4 24.6-9.4 33.9 0L441 239c9.4 9.4 9.4 24.6 0 33.9L246.6 467.3c-9.4 9.4-24.6 9.4-33.9 0l-22.2-22.2c-9.5-9.5-9.3-25 .4-34.3L311.4 296H24c-13.3 0-24-10.7-24-24v-32c0-13.3 10.7-24 24-24h287.4L190.9 101.2c-9.8-9.3-10-24.8-.4-34.3z\"><\/path><\/svg>\t\t\t<\/span>\n\t\t\t\t\t\t\t\t\t<span class=\"elementor-button-text\">Poznaj inwestycj\u0119<\/span>\n\t\t\t\t\t<\/span>\n\t\t\t\t\t<\/a>\n\t\t\t\t<\/div>\n\t\t\t\t\t\t\t\t<\/div>\n\t\t\t\t<\/div>\n\t\t\t\t<\/div>\n\t\t\t\t\t<\/div>\n\t\t\t\t<\/div>\n\t\t<div class=\"elementor-element elementor-element-50d22e43 e-flex e-con-boxed e-con e-parent\" data-id=\"50d22e43\" data-element_type=\"container\" data-e-type=\"container\">\n\t\t\t\t\t<div class=\"e-con-inner\">\n\t\t<div class=\"elementor-element elementor-element-75f5eadc e-con-full e-flex e-con e-child\" data-id=\"75f5eadc\" data-element_type=\"container\" data-e-type=\"container\">\n\t\t\t\t<div class=\"elementor-element elementor-element-7d1760f8 elementor-widget elementor-widget-heading\" data-id=\"7d1760f8\" data-element_type=\"widget\" data-e-type=\"widget\" data-widget_type=\"heading.default\">\n\t\t\t\t<div class=\"elementor-widget-container\">\n\t\t\t\t\t<h2 class=\"elementor-heading-title elementor-size-default\">Domy na wzg\u00f3rzu<\/h2>\t\t\t\t<\/div>\n\t\t\t\t<\/div>\n\t\t\t\t<\/div>\n\t\t<div class=\"elementor-element elementor-element-160ca85d e-con-full e-flex e-con e-child\" data-id=\"160ca85d\" data-element_type=\"container\" data-e-type=\"container\">\n\t\t\t\t<div class=\"elementor-element elementor-element-65b87548 elementor-widget elementor-widget-text-editor\" data-id=\"65b87548\" data-element_type=\"widget\" data-e-type=\"widget\" data-widget_type=\"text-editor.default\">\n\t\t\t\t<div class=\"elementor-widget-container\">\n\t\t\t\t\t\t\t\t\t<p data-start=\"390\" data-end=\"715\"><strong data-start=\"390\" data-end=\"409\">Domy na Wzg\u00f3rzu<\/strong> to nowoczesna i kameralna inwestycja po\u0142o\u017cona w <strong data-start=\"458\" data-end=\"480\">Murowanej Go\u015blinie<\/strong> \u2013 urokliwym, spokojnym miasteczku oddalonym zaledwie <strong data-start=\"534\" data-end=\"555\">15 km od Poznania<\/strong>. To idealne miejsce dla tych, kt\u00f3rzy marz\u0105 o \u017cyciu w otoczeniu natury, w harmonii i ciszy, a jednocze\u015bnie chc\u0105 zachowa\u0107 wygod\u0119 codziennego dojazdu do miasta.<\/p><p data-start=\"717\" data-end=\"967\">Inwestycja obejmuje <strong data-start=\"737\" data-end=\"776\">dwa budynki w zabudowie bli\u017aniaczej<\/strong>, co daje \u0142\u0105cznie <strong data-start=\"794\" data-end=\"825\">cztery przestronne segmenty<\/strong>. Ka\u017cdy z nich zosta\u0142 zaprojektowany z my\u015bl\u0105 o <strong data-start=\"872\" data-end=\"913\">funkcjonalno\u015bci, komforcie i estetyce<\/strong>, aby zapewni\u0107 mieszka\u0144com najwy\u017cszy standard \u017cycia.<\/p><h3 data-start=\"969\" data-end=\"1011\">Kameralne osiedle blisko wszystkiego<\/h3><p data-start=\"1012\" data-end=\"1469\"><strong data-start=\"1012\" data-end=\"1031\">Domy na Wzg\u00f3rzu<\/strong> to miejsce, w kt\u00f3rym natura i codzienna wygoda spotykaj\u0105 si\u0119 w idealnych proporcjach.<br data-start=\"1117\" data-end=\"1120\" \/>Po\u0142o\u017cone w spokojnej cz\u0119\u015bci Murowanej Go\u015bliny, z dala od miejskiego zgie\u0142ku, a jednocze\u015bnie w niewielkiej odleg\u0142o\u015bci od centrum, osiedle zapewnia <strong data-start=\"1266\" data-end=\"1309\">\u0142atwy dost\u0119p do lokalnej infrastruktury<\/strong>. W pobli\u017cu znajduj\u0105 si\u0119 <strong data-start=\"1334\" data-end=\"1402\">szko\u0142y, przedszkola, sklepy, przychodnie oraz tereny rekreacyjne<\/strong>. Wszystko, co potrzebne na co dzie\u0144, masz w zasi\u0119gu kilku minut.<\/p><p data-start=\"1471\" data-end=\"1689\">Dzi\u0119ki dogodnej lokalizacji dojazd do Poznania zajmuje zaledwie <strong data-start=\"1535\" data-end=\"1556\">kilkana\u015bcie minut<\/strong>, co czyni to miejsce doskona\u0142\u0105 alternatyw\u0105 dla os\u00f3b pracuj\u0105cych w mie\u015bcie, ale pragn\u0105cych wraca\u0107 do w\u0142asnej, zielonej przestrzeni.<\/p>\t\t\t\t\t\t\t\t<\/div>\n\t\t\t\t<\/div>\n\t\t\t\t<\/div>\n\t\t<div class=\"elementor-element elementor-element-350e9c71 e-con-full e-flex e-con e-child\" data-id=\"350e9c71\" data-element_type=\"container\" data-e-type=\"container\">\n\t\t\t\t<div class=\"elementor-element elementor-element-187fd95a gallery-spacing-custom elementor-widget elementor-widget-image-gallery\" data-id=\"187fd95a\" data-element_type=\"widget\" data-e-type=\"widget\" data-widget_type=\"image-gallery.default\">\n\t\t\t\t<div class=\"elementor-widget-container\">\n\t\t\t\t\t\t\t<div class=\"elementor-image-gallery\">\n\t\t\t<div id='gallery-1' class='gallery galleryid-4354 gallery-columns-3 gallery-size-full'><figure class='gallery-item'>\n\t\t\t<div class='gallery-icon landscape'>\n\t\t\t\t<a data-elementor-open-lightbox=\"yes\" data-elementor-lightbox-slideshow=\"187fd95a\" data-elementor-lightbox-title=\"DCIM100MEDIADJI_0213.JPG\" data-e-action-hash=\"#elementor-action%3Aaction%3Dlightbox%26settings%3DeyJpZCI6NDk1NSwidXJsIjoiaHR0cHM6XC9cL2RhbHZlc3QucGxcL3dwLWNvbnRlbnRcL3VwbG9hZHNcLzIwMjVcLzEwXC9Eb215TmFXemdvcnp1RHJvbi1zY2FsZWQuanBnIiwic2xpZGVzaG93IjoiMTg3ZmQ5NWEifQ%3D%3D\" href='https:\/\/dalvest.pl\/wp-content\/uploads\/2025\/10\/DomyNaWzgorzuDron-scaled.jpg'><img fetchpriority=\"high\" decoding=\"async\" width=\"2560\" height=\"1440\" src=\"https:\/\/dalvest.pl\/wp-content\/uploads\/2025\/10\/DomyNaWzgorzuDron-scaled.jpg\" class=\"attachment-full size-full\" alt=\"\" aria-describedby=\"gallery-1-4955\" srcset=\"https:\/\/dalvest.pl\/wp-content\/uploads\/2025\/10\/DomyNaWzgorzuDron-scaled.jpg 2560w, https:\/\/dalvest.pl\/wp-content\/uploads\/2025\/10\/DomyNaWzgorzuDron-300x169.jpg 300w, https:\/\/dalvest.pl\/wp-content\/uploads\/2025\/10\/DomyNaWzgorzuDron-1024x576.jpg 1024w, https:\/\/dalvest.pl\/wp-content\/uploads\/2025\/10\/DomyNaWzgorzuDron-768x432.jpg 768w, https:\/\/dalvest.pl\/wp-content\/uploads\/2025\/10\/DomyNaWzgorzuDron-1536x864.jpg 1536w, https:\/\/dalvest.pl\/wp-content\/uploads\/2025\/10\/DomyNaWzgorzuDron-2048x1152.jpg 2048w\" sizes=\"(max-width: 2560px) 100vw, 2560px\" \/><\/a>\n\t\t\t<\/div>\n\t\t\t\t<figcaption class='wp-caption-text gallery-caption' id='gallery-1-4955'>\n\t\t\t\tDCIM100MEDIADJI_0213.JPG\n\t\t\t\t<\/figcaption><\/figure><figure class='gallery-item'>\n\t\t\t<div class='gallery-icon landscape'>\n\t\t\t\t<a data-elementor-open-lightbox=\"yes\" data-elementor-lightbox-slideshow=\"187fd95a\" data-elementor-lightbox-title=\"Scena 4\" data-e-action-hash=\"#elementor-action%3Aaction%3Dlightbox%26settings%3DeyJpZCI6MzQ2MiwidXJsIjoiaHR0cHM6XC9cL2RhbHZlc3QucGxcL3dwLWNvbnRlbnRcL3VwbG9hZHNcLzIwMjRcLzA3XC9TY2VuYS00LTItc2NhbGVkLmpwZyIsInNsaWRlc2hvdyI6IjE4N2ZkOTVhIn0%3D\" href='https:\/\/dalvest.pl\/wp-content\/uploads\/2024\/07\/Scena-4-2-scaled.jpg'><img decoding=\"async\" width=\"2560\" height=\"1441\" src=\"https:\/\/dalvest.pl\/wp-content\/uploads\/2024\/07\/Scena-4-2-scaled.jpg\" class=\"attachment-full size-full\" alt=\"\" srcset=\"https:\/\/dalvest.pl\/wp-content\/uploads\/2024\/07\/Scena-4-2-scaled.jpg 2560w, https:\/\/dalvest.pl\/wp-content\/uploads\/2024\/07\/Scena-4-2-300x169.jpg 300w, https:\/\/dalvest.pl\/wp-content\/uploads\/2024\/07\/Scena-4-2-1024x576.jpg 1024w, https:\/\/dalvest.pl\/wp-content\/uploads\/2024\/07\/Scena-4-2-768x432.jpg 768w, https:\/\/dalvest.pl\/wp-content\/uploads\/2024\/07\/Scena-4-2-1536x865.jpg 1536w, https:\/\/dalvest.pl\/wp-content\/uploads\/2024\/07\/Scena-4-2-2048x1153.jpg 2048w\" sizes=\"(max-width: 2560px) 100vw, 2560px\" \/><\/a>\n\t\t\t<\/div><\/figure><figure class='gallery-item'>\n\t\t\t<div class='gallery-icon landscape'>\n\t\t\t\t<a data-elementor-open-lightbox=\"yes\" data-elementor-lightbox-slideshow=\"187fd95a\" data-elementor-lightbox-title=\"Scena 6\" data-e-action-hash=\"#elementor-action%3Aaction%3Dlightbox%26settings%3DeyJpZCI6MzQ0MCwidXJsIjoiaHR0cHM6XC9cL2RhbHZlc3QucGxcL3dwLWNvbnRlbnRcL3VwbG9hZHNcLzIwMjRcLzA3XC9kb2JyZS0xLXNjYWxlZC5qcGciLCJzbGlkZXNob3ciOiIxODdmZDk1YSJ9\" href='https:\/\/dalvest.pl\/wp-content\/uploads\/2024\/07\/dobre-1-scaled.jpg'><img decoding=\"async\" width=\"2560\" height=\"1422\" src=\"https:\/\/dalvest.pl\/wp-content\/uploads\/2024\/07\/dobre-1-scaled.jpg\" class=\"attachment-full size-full\" alt=\"\" srcset=\"https:\/\/dalvest.pl\/wp-content\/uploads\/2024\/07\/dobre-1-scaled.jpg 2560w, https:\/\/dalvest.pl\/wp-content\/uploads\/2024\/07\/dobre-1-300x167.jpg 300w, https:\/\/dalvest.pl\/wp-content\/uploads\/2024\/07\/dobre-1-1024x569.jpg 1024w, https:\/\/dalvest.pl\/wp-content\/uploads\/2024\/07\/dobre-1-768x427.jpg 768w, https:\/\/dalvest.pl\/wp-content\/uploads\/2024\/07\/dobre-1-1536x853.jpg 1536w, https:\/\/dalvest.pl\/wp-content\/uploads\/2024\/07\/dobre-1-2048x1138.jpg 2048w\" sizes=\"(max-width: 2560px) 100vw, 2560px\" \/><\/a>\n\t\t\t<\/div><\/figure><figure class='gallery-item'>\n\t\t\t<div class='gallery-icon landscape'>\n\t\t\t\t<a data-elementor-open-lightbox=\"yes\" data-elementor-lightbox-slideshow=\"187fd95a\" data-elementor-lightbox-title=\"Scena 1\" data-e-action-hash=\"#elementor-action%3Aaction%3Dlightbox%26settings%3DeyJpZCI6MzQ0MSwidXJsIjoiaHR0cHM6XC9cL2RhbHZlc3QucGxcL3dwLWNvbnRlbnRcL3VwbG9hZHNcLzIwMjRcLzA3XC9kb2JyZS0zLXNjYWxlZC5qcGciLCJzbGlkZXNob3ciOiIxODdmZDk1YSJ9\" href='https:\/\/dalvest.pl\/wp-content\/uploads\/2024\/07\/dobre-3-scaled.jpg'><img loading=\"lazy\" decoding=\"async\" width=\"2560\" height=\"1283\" src=\"https:\/\/dalvest.pl\/wp-content\/uploads\/2024\/07\/dobre-3-scaled.jpg\" class=\"attachment-full size-full\" alt=\"\" srcset=\"https:\/\/dalvest.pl\/wp-content\/uploads\/2024\/07\/dobre-3-scaled.jpg 2560w, https:\/\/dalvest.pl\/wp-content\/uploads\/2024\/07\/dobre-3-300x150.jpg 300w, https:\/\/dalvest.pl\/wp-content\/uploads\/2024\/07\/dobre-3-1024x513.jpg 1024w, https:\/\/dalvest.pl\/wp-content\/uploads\/2024\/07\/dobre-3-768x385.jpg 768w, https:\/\/dalvest.pl\/wp-content\/uploads\/2024\/07\/dobre-3-1536x770.jpg 1536w, https:\/\/dalvest.pl\/wp-content\/uploads\/2024\/07\/dobre-3-2048x1027.jpg 2048w\" sizes=\"(max-width: 2560px) 100vw, 2560px\" \/><\/a>\n\t\t\t<\/div><\/figure><figure class='gallery-item'>\n\t\t\t<div class='gallery-icon landscape'>\n\t\t\t\t<a data-elementor-open-lightbox=\"yes\" data-elementor-lightbox-slideshow=\"187fd95a\" data-elementor-lightbox-title=\"Scena 2\" data-e-action-hash=\"#elementor-action%3Aaction%3Dlightbox%26settings%3DeyJpZCI6MzQ0MiwidXJsIjoiaHR0cHM6XC9cL2RhbHZlc3QucGxcL3dwLWNvbnRlbnRcL3VwbG9hZHNcLzIwMjRcLzA3XC9kb2JyZS00LXNjYWxlZC5qcGciLCJzbGlkZXNob3ciOiIxODdmZDk1YSJ9\" href='https:\/\/dalvest.pl\/wp-content\/uploads\/2024\/07\/dobre-4-scaled.jpg'><img loading=\"lazy\" decoding=\"async\" width=\"2560\" height=\"1287\" src=\"https:\/\/dalvest.pl\/wp-content\/uploads\/2024\/07\/dobre-4-scaled.jpg\" class=\"attachment-full size-full\" alt=\"\" srcset=\"https:\/\/dalvest.pl\/wp-content\/uploads\/2024\/07\/dobre-4-scaled.jpg 2560w, https:\/\/dalvest.pl\/wp-content\/uploads\/2024\/07\/dobre-4-300x151.jpg 300w, https:\/\/dalvest.pl\/wp-content\/uploads\/2024\/07\/dobre-4-1024x515.jpg 1024w, https:\/\/dalvest.pl\/wp-content\/uploads\/2024\/07\/dobre-4-768x386.jpg 768w, https:\/\/dalvest.pl\/wp-content\/uploads\/2024\/07\/dobre-4-1536x772.jpg 1536w, https:\/\/dalvest.pl\/wp-content\/uploads\/2024\/07\/dobre-4-2048x1030.jpg 2048w\" sizes=\"(max-width: 2560px) 100vw, 2560px\" \/><\/a>\n\t\t\t<\/div><\/figure><figure class='gallery-item'>\n\t\t\t<div class='gallery-icon landscape'>\n\t\t\t\t<a data-elementor-open-lightbox=\"yes\" data-elementor-lightbox-slideshow=\"187fd95a\" data-elementor-lightbox-title=\"Scena 3\" data-e-action-hash=\"#elementor-action%3Aaction%3Dlightbox%26settings%3DeyJpZCI6MzQ2MSwidXJsIjoiaHR0cHM6XC9cL2RhbHZlc3QucGxcL3dwLWNvbnRlbnRcL3VwbG9hZHNcLzIwMjRcLzA3XC9TY2VuYS0zLXNjYWxlZC5qcGciLCJzbGlkZXNob3ciOiIxODdmZDk1YSJ9\" href='https:\/\/dalvest.pl\/wp-content\/uploads\/2024\/07\/Scena-3-scaled.jpg'><img loading=\"lazy\" decoding=\"async\" width=\"2560\" height=\"1353\" src=\"https:\/\/dalvest.pl\/wp-content\/uploads\/2024\/07\/Scena-3-scaled.jpg\" class=\"attachment-full size-full\" alt=\"\" srcset=\"https:\/\/dalvest.pl\/wp-content\/uploads\/2024\/07\/Scena-3-scaled.jpg 2560w, https:\/\/dalvest.pl\/wp-content\/uploads\/2024\/07\/Scena-3-300x159.jpg 300w, https:\/\/dalvest.pl\/wp-content\/uploads\/2024\/07\/Scena-3-1024x541.jpg 1024w, https:\/\/dalvest.pl\/wp-content\/uploads\/2024\/07\/Scena-3-768x406.jpg 768w, https:\/\/dalvest.pl\/wp-content\/uploads\/2024\/07\/Scena-3-1536x812.jpg 1536w, https:\/\/dalvest.pl\/wp-content\/uploads\/2024\/07\/Scena-3-2048x1083.jpg 2048w\" sizes=\"(max-width: 2560px) 100vw, 2560px\" \/><\/a>\n\t\t\t<\/div><\/figure>\n\t\t<\/div>\n\t\t<\/div>\n\t\t\t\t\t\t<\/div>\n\t\t\t\t<\/div>\n\t\t\t\t<\/div>\n\t\t\t\t\t<\/div>\n\t\t\t\t<\/div>\n\t\t\t\t<\/div>\n\t\t","protected":false},"excerpt":{"rendered":"<p>Dalvest &#8211; Twoje marzenie o idealnym domu Poznaj inwestycj\u0119 Domy na wzg\u00f3rzu Domy na Wzg\u00f3rzu to nowoczesna i kameralna inwestycja po\u0142o\u017cona w Murowanej Go\u015blinie \u2013 urokliwym, spokojnym miasteczku oddalonym zaledwie 15 km od Poznania. To idealne miejsce dla tych, kt\u00f3rzy marz\u0105 o \u017cyciu w otoczeniu natury, w harmonii i ciszy, a jednocze\u015bnie chc\u0105 zachowa\u0107 wygod\u0119 [&hellip;]<\/p>\n","protected":false},"author":1,"featured_media":0,"parent":0,"menu_order":0,"comment_status":"closed","ping_status":"closed","template":"","meta":{"site-sidebar-layout":"no-sidebar","site-content-layout":"page-builder","ast-site-content-layout":"full-width-container","site-content-style":"default","site-sidebar-style":"default","ast-global-header-display":"","ast-banner-title-visibility":"","ast-main-header-display":"","ast-hfb-above-header-display":"","ast-hfb-below-header-display":"","ast-hfb-mobile-header-display":"","site-post-title":"","ast-breadcrumbs-content":"","ast-featured-img":"disabled","footer-sml-layout":"","theme-transparent-header-meta":"","adv-header-id-meta":"","stick-header-meta":"","header-above-stick-meta":"","header-main-stick-meta":"","header-below-stick-meta":"","astra-migrate-meta-layouts":"set","ast-page-background-enabled":"default","ast-page-background-meta":{"desktop":{"background-color":"","background-image":"","background-repeat":"repeat","background-position":"center center","background-size":"auto","background-attachment":"scroll","background-type":"","background-media":"","overlay-type":"","overlay-color":"","overlay-opacity":"","overlay-gradient":""},"tablet":{"background-color":"","background-image":"","background-repeat":"repeat","background-position":"center center","background-size":"auto","background-attachment":"scroll","background-type":"","background-media":"","overlay-type":"","overlay-color":"","overlay-opacity":"","overlay-gradient":""},"mobile":{"background-color":"","background-image":"","background-repeat":"repeat","background-position":"center center","background-size":"auto","background-attachment":"scroll","background-type":"","background-media":"","overlay-type":"","overlay-color":"","overlay-opacity":"","overlay-gradient":""}},"ast-content-background-meta":{"desktop":{"background-color":"var(--ast-global-color-5)","background-image":"","background-repeat":"repeat","background-position":"center center","background-size":"auto","background-attachment":"scroll","background-type":"","background-media":"","overlay-type":"","overlay-color":"","overlay-opacity":"","overlay-gradient":""},"tablet":{"background-color":"var(--ast-global-color-5)","background-image":"","background-repeat":"repeat","background-position":"center center","background-size":"auto","background-attachment":"scroll","background-type":"","background-media":"","overlay-type":"","overlay-color":"","overlay-opacity":"","overlay-gradient":""},"mobile":{"background-color":"var(--ast-global-color-5)","background-image":"","background-repeat":"repeat","background-position":"center center","background-size":"auto","background-attachment":"scroll","background-type":"","background-media":"","overlay-type":"","overlay-color":"","overlay-opacity":"","overlay-gradient":""}},"footnotes":""},"class_list":["post-4354","page","type-page","status-publish","hentry"],"_links":{"self":[{"href":"https:\/\/dalvest.pl\/index.php?rest_route=\/wp\/v2\/pages\/4354","targetHints":{"allow":["GET"]}}],"collection":[{"href":"https:\/\/dalvest.pl\/index.php?rest_route=\/wp\/v2\/pages"}],"about":[{"href":"https:\/\/dalvest.pl\/index.php?rest_route=\/wp\/v2\/types\/page"}],"author":[{"embeddable":true,"href":"https:\/\/dalvest.pl\/index.php?rest_route=\/wp\/v2\/users\/1"}],"replies":[{"embeddable":true,"href":"https:\/\/dalvest.pl\/index.php?rest_route=%2Fwp%2Fv2%2Fcomments&post=4354"}],"version-history":[{"count":43,"href":"https:\/\/dalvest.pl\/index.php?rest_route=\/wp\/v2\/pages\/4354\/revisions"}],"predecessor-version":[{"id":5147,"href":"https:\/\/dalvest.pl\/index.php?rest_route=\/wp\/v2\/pages\/4354\/revisions\/5147"}],"wp:attachment":[{"href":"https:\/\/dalvest.pl\/index.php?rest_route=%2Fwp%2Fv2%2Fmedia&parent=4354"}],"curies":[{"name":"wp","href":"https:\/\/api.w.org\/{rel}","templated":true}]}}